{"id":25866939,"date":"2025-02-04T18:41:49","date_gmt":"2025-02-04T18:41:49","guid":{"rendered":"https:\/\/prettycutenails.com\/?post_type=product&#038;p=25866939"},"modified":"2025-02-04T18:41:49","modified_gmt":"2025-02-04T18:41:49","slug":"lima-de-corazon","status":"publish","type":"product","link":"https:\/\/prettycutedysnailland.com\/index.php\/producto\/lima-de-corazon\/","title":{"rendered":"LIMA DE CORAZON"},"content":{"rendered":"<div dir=\"auto\">Dar forma a tu gusto: Modela tus u\u00f1as seg\u00fan tus preferencias con la parte \u00e1spera de la lima buffer.<\/div>\n<div dir=\"auto\">Elimina imperfecciones: Suaviza y elimina rugosidades, dejando una superficie impecable.<\/div>\n<div dir=\"auto\">Brillo natural: Las caras suaves pulen tus u\u00f1as, realzando su brillo sin necesidad de esmalte.<\/div>\n<div dir=\"auto\">Prepara para el esmalte: Consigue una base lisa que ayuda a que el esmalte se adhiera uniformemente y dure m\u00e1s.<\/div>\n","protected":false},"excerpt":{"rendered":"<div dir=\"auto\">Dar forma a tu gusto: Modela tus u\u00f1as seg\u00fan tus preferencias con la parte \u00e1spera de la lima buffer.<\/div>\n<div dir=\"auto\">Elimina imperfecciones: Suaviza y elimina rugosidades, dejando una superficie impecable.<\/div>\n<div dir=\"auto\">Brillo natural: Las caras suaves pulen tus u\u00f1as, realzando su brillo sin necesidad de esmalte.<\/div>\n<div dir=\"auto\">Prepara para el esmalte: Consigue una base lisa que ayuda a que el esmalte se adhiera uniformemente y dure m\u00e1s.<\/div>\n","protected":false},"featured_media":25866940,"comment_status":"open","ping_status":"closed","template":"","meta":{"_et_pb_use_builder":"","_et_pb_old_content":"","_et_gb_content_width":"","_joinchat":[]},"product_brand":[],"product_cat":[128,133],"product_tag":[],"class_list":{"0":"post-25866939","1":"product","2":"type-product","3":"status-publish","4":"has-post-thumbnail","6":"product_cat-elizabeth-nails","7":"product_cat-herranientas","9":"first","10":"instock","11":"taxable","12":"shipping-taxable","13":"purchasable","14":"product-type-simple"},"_links":{"self":[{"href":"https:\/\/prettycutedysnailland.com\/index.php\/wp-json\/wp\/v2\/product\/25866939","targetHints":{"allow":["GET"]}}],"collection":[{"href":"https:\/\/prettycutedysnailland.com\/index.php\/wp-json\/wp\/v2\/product"}],"about":[{"href":"https:\/\/prettycutedysnailland.com\/index.php\/wp-json\/wp\/v2\/types\/product"}],"replies":[{"embeddable":true,"href":"https:\/\/prettycutedysnailland.com\/index.php\/wp-json\/wp\/v2\/comments?post=25866939"}],"wp:featuredmedia":[{"embeddable":true,"href":"https:\/\/prettycutedysnailland.com\/index.php\/wp-json\/wp\/v2\/media\/25866940"}],"wp:attachment":[{"href":"https:\/\/prettycutedysnailland.com\/index.php\/wp-json\/wp\/v2\/media?parent=25866939"}],"wp:term":[{"taxonomy":"product_brand","embeddable":true,"href":"https:\/\/prettycutedysnailland.com\/index.php\/wp-json\/wp\/v2\/product_brand?post=25866939"},{"taxonomy":"product_cat","embeddable":true,"href":"https:\/\/prettycutedysnailland.com\/index.php\/wp-json\/wp\/v2\/product_cat?post=25866939"},{"taxonomy":"product_tag","embeddable":true,"href":"https:\/\/prettycutedysnailland.com\/index.php\/wp-json\/wp\/v2\/product_tag?post=25866939"}],"curies":[{"name":"wp","href":"https:\/\/api.w.org\/{rel}","templated":true}]}}